{"id":128,"date":"2017-03-08T11:17:28","date_gmt":"2017-03-08T10:17:28","guid":{"rendered":"http:\/\/www.ghv-walddoerfer.de\/web\/?page_id=128"},"modified":"2025-05-25T21:53:24","modified_gmt":"2025-05-25T19:53:24","slug":"obedience","status":"publish","type":"page","link":"https:\/\/www.ghv-walddoerfer.de\/web\/sportarten\/obedience\/","title":{"rendered":"Obedience"},"content":{"rendered":"\n<p><strong>Obedience Trainingszeit<\/strong><\/p>\n\n\n\n<p>Im GHV Waldd\u00f6rfer trainiert die Obedience-Gruppe zurzeit einmal pro Woche:<br><strong>Samstags von 9 \u2013 12:30 Uhr<\/strong><\/p>\n\n\n\n<p>Das Training ist vor allem gepr\u00e4gt durch Einzelcoachings (1:1-Trainingseinheiten von ca. 15-20 Minuten). Falls gew\u00fcnscht kann ein Teil der Zeit in selbstst\u00e4ndiger Einzelarbeit und gegenseitigem Helfen der Teams genutzt werden.<\/p>\n\n\n\n<p>Sprecht gern direkt Maren an, wenn ihr Interesse habt, neu ins Obedience-Training einzusteigen oder Fragen zum Obedience haben solltet.<\/p>\n\n\n\n<p><strong>Obedience Trainer\/Ausbilder<\/strong><\/p>\n\n\n\n<figure class=\"wp-block-image size-full\"><a href=\"https:\/\/www.ghv-walddoerfer.de\/wp-content\/uploads\/2024\/12\/Maren-und-Lucie.jpg\" rel=\"lightbox[128]\"><img loading=\"lazy\" decoding=\"async\" width=\"223\" height=\"300\" src=\"https:\/\/www.ghv-walddoerfer.de\/wp-content\/uploads\/2024\/12\/Maren-und-Lucie.jpg\" alt=\"\" class=\"wp-image-3084\"\/><\/a><\/figure>\n\n\n\n<p><strong>Maren Mertens<\/strong><br>Ausbilderin Obedience seit 2015<br>Mitglied seit 2012<br>H\u00fcndin: Lucie, Border Collie, 5 Jahre (BH\/VT, THS VK3, Obedience Klasse 3)<\/p>\n\n\n\n<p><\/p>\n\n\n\n<figure class=\"wp-block-image size-full\"><a href=\"https:\/\/www.ghv-walddoerfer.de\/wp-content\/uploads\/2024\/12\/Almut-und-Tuuli.png\" rel=\"lightbox[128]\"><img loading=\"lazy\" decoding=\"async\" width=\"367\" height=\"305\" src=\"https:\/\/www.ghv-walddoerfer.de\/wp-content\/uploads\/2024\/12\/Almut-und-Tuuli.png\" alt=\"\" class=\"wp-image-3085\" srcset=\"https:\/\/www.ghv-walddoerfer.de\/wp-content\/uploads\/2024\/12\/Almut-und-Tuuli.png 367w, https:\/\/www.ghv-walddoerfer.de\/wp-content\/uploads\/2024\/12\/Almut-und-Tuuli-300x249.png 300w\" sizes=\"auto, (max-width: 367px) 100vw, 367px\" \/><\/a><\/figure>\n\n\n\n<p><strong>Almut Gurski<br><\/strong>Ausbilderassistentin Obedience seit 2024<br>Mitglied seit 2023<br>H\u00fcndin: Tuuli, Border Collie, 2 Jahre<\/p>\n\n\n\n<p><\/p>\n\n\n\n<p><strong>Obedience Trainingshilfen<\/strong><\/p>\n\n\n\n<p>Was ihr zum Training mitbringen solltet: Mehrere Spielzeuge, Hundekekse (gut sichtbar f\u00fcr Food-Chase), gute Laune und viel Freude sowie Motivation \ud83d\ude42<\/p>\n\n\n\n<p><\/p>\n\n\n\n<p><strong>Obedience Termine 2025<\/strong><\/p>\n\n\n\n<p>23.02.25&nbsp;&nbsp;&nbsp;&nbsp;&nbsp;&nbsp;&nbsp;&nbsp;&nbsp;&nbsp;&nbsp; WM Qualifikation Obedience, SV OG Pfullingen und HSV T\u00fcbingen 07<\/p>\n\n\n\n<p>22.03.25&nbsp;&nbsp;&nbsp;&nbsp;&nbsp;&nbsp;&nbsp;&nbsp;&nbsp;&nbsp;&nbsp; Obedience Turnier, OCN Kiel<\/p>\n\n\n\n<p>30.03.25&nbsp;&nbsp;&nbsp;&nbsp;&nbsp;&nbsp;&nbsp;&nbsp;&nbsp;&nbsp;&nbsp; WM Qualifikation Obedience, RZV f\u00fcr Hovawart-Hunde, \u00dcbungsgruppe Dortmund-Dorstfeldt<\/p>\n\n\n\n<p>05.04.25&nbsp;&nbsp;&nbsp;&nbsp;&nbsp;&nbsp;&nbsp;&nbsp;&nbsp;&nbsp;&nbsp; Obedience Turnier, HSC Hanseat L\u00fcbeck<\/p>\n\n\n\n<p>06.04.25&nbsp;&nbsp;&nbsp;&nbsp;&nbsp;&nbsp;&nbsp;&nbsp;&nbsp;&nbsp;&nbsp; Obedience Turnier, HSC Hanseat L\u00fcbeck<\/p>\n\n\n\n<p>12.04.25&nbsp;&nbsp;&nbsp;&nbsp;&nbsp;&nbsp;&nbsp;&nbsp;&nbsp;&nbsp;&nbsp; Obedience Turnier, Oldenburg i.H. (OHSV)<\/p>\n\n\n\n<p>03.05.25&nbsp;&nbsp;&nbsp;&nbsp;&nbsp;&nbsp;&nbsp;&nbsp;&nbsp;&nbsp;&nbsp; WM Qualifikation Obedience, HSF Kreuth 1998<\/p>\n\n\n\n<p>04.05.25&nbsp;&nbsp;&nbsp;&nbsp;&nbsp;&nbsp;&nbsp;&nbsp;&nbsp;&nbsp;&nbsp; VDH DM Obedience, HSF Kreuth 1998<\/p>\n\n\n\n<p>10.05.25&nbsp;&nbsp;&nbsp;&nbsp;&nbsp;&nbsp;&nbsp;&nbsp;&nbsp;&nbsp;&nbsp; Obedience Turnier, GHSV Ahrensburg, BHH<\/p>\n\n\n\n<p>17.-18.05.25&nbsp;&nbsp;&nbsp;&nbsp; LVM Obedience Schleswig-Holstein, HSG S\u00fcsel<\/p>\n\n\n\n<p>24.05.25&nbsp;&nbsp;&nbsp;&nbsp;&nbsp;&nbsp;&nbsp;&nbsp;&nbsp;&nbsp;&nbsp; Obedience Turnier, Rothenburg-Schee\u00dfel<\/p>\n\n\n\n<p>25.05.25&nbsp;&nbsp;&nbsp;&nbsp;&nbsp;&nbsp;&nbsp;&nbsp;&nbsp;&nbsp;&nbsp; LVM Obedience Hamburg, Hundefreunde Rothenburg-Schee\u00dfel<\/p>\n\n\n\n<p>21.06.25&nbsp;&nbsp;&nbsp;&nbsp;&nbsp;&nbsp;&nbsp;&nbsp;&nbsp;&nbsp;&nbsp; Obedience Turnier, Tornesch<\/p>\n\n\n\n<p>28.06.25&nbsp;&nbsp;&nbsp;&nbsp;&nbsp;&nbsp;&nbsp;&nbsp;&nbsp;&nbsp;&nbsp; Obedience Turnier, Gro\u00df Gr\u00f6nau<\/p>\n\n\n\n<p>12.-13.07.25&nbsp;&nbsp;&nbsp;&nbsp; Obedience Turnier mit Mannschaftswertung, OCN Kiel<\/p>\n\n\n\n<p>06.09.25&nbsp;&nbsp;&nbsp;&nbsp;&nbsp;&nbsp;&nbsp;&nbsp;&nbsp;&nbsp;&nbsp; Obedience Turnier, Elmshorn<\/p>\n\n\n\n<p>27.-28.09.25&nbsp;&nbsp;&nbsp; DVG BSP Obedience, GHSV Weeze<\/p>\n\n\n\n<p>11.10.25\u00a0\u00a0\u00a0\u00a0\u00a0\u00a0\u00a0\u00a0\u00a0\u00a0\u00a0 Obedience Turnier, S\u00fcsel<\/p>\n\n\n\n<p>19.10.25\u00a0\u00a0\u00a0\u00a0\u00a0\u00a0\u00a0\u00a0\u00a0\u00a0\u00a0 Obedience Turnier, Rothenburg-Schee\u00dfel<\/p>\n\n\n\n<p>25.10.25&nbsp;&nbsp;&nbsp;&nbsp;&nbsp;&nbsp;&nbsp;&nbsp;&nbsp;&nbsp;&nbsp; Obedience Turnier, HSC Hanseat L\u00fcbeck<\/p>\n\n\n\n<p>26.10.26&nbsp;&nbsp;&nbsp;&nbsp;&nbsp;&nbsp;&nbsp;&nbsp;&nbsp;&nbsp;&nbsp; Obedience Turnier, HSC Hanseat L\u00fcbeck<\/p>\n\n\n\n<p><strong>Was ist Obedience?<\/strong><\/p>\n\n\n\n<p>Beim Obedience (Engl. = Gehorsam) kommt es auf die pr\u00e4zise Ausf\u00fchrung von \u00dcbungen an.<\/p>\n\n\n\n<p>Obedience ist eine Hundesportart, die urspr\u00fcnglich aus Gro\u00dfbritannien stammt. Seit den neunziger Jahren ist Obedience auch in Deutschland bekannt, seit 2002 existiert eine deutsche Pr\u00fcfungsordnung f\u00fcr diese Sportart. Gerade in den letzten Jahren haben sich die Anspr\u00fcche an die Vorf\u00fchrungen noch einmal deutlich erh\u00f6ht. Entsprechend muss man einen nicht unerheblichen Trainingsaufwand betreiben, um im Obedience Erfolg zu haben. Entsprechend arbeiten Obedience-Sportler im allgemeinen sehr selbstst\u00e4ndig, da so oft gar kein Trainer zur Verf\u00fcgung stehen kann. Zusammen mit dem Trainer wird die Marschrichtung festgelegt und \u00dcbungen erkl\u00e4rt, die dann zus\u00e4tzlich selbstst\u00e4ndig aufgearbeitet werden.<\/p>\n\n\n\n<p>Die Teams k\u00f6nnen im Allgemeinen nur erfolgreich sein, wenn Motivation und Arbeitsfreude stimmen. Die Ausbildung sollte ausschlie\u00dflich positiv ausgestaltet sein. Die Hunde werden \u00fcber Spiel und Spa\u00df motiviert. Ein wichtiges Trainingsziel ist neben Pr\u00e4zision auch die Arbeitsgeschwindigkeit der Hunde. Diese wird im Turnier ebenso bewertet wie die Arbeitsfreude des Hundes.<\/p>\n\n\n\n<p><strong>Welche \u00dcbungen werden im Obedience gezeigt?<\/strong><\/p>\n\n\n\n<p>\u00dcbungsinhalte sind vor allem:<\/p>\n\n\n\n<ul class=\"wp-block-list\">\n<li>Gruppen\u00fcbung (in h\u00f6heren Klassen auch au\u00dfer Sicht und gekoppelt mit anderen \u00dcbungsteilen)<\/li>\n\n\n\n<li>Fu\u00dfarbeit (in den h\u00f6heren Klassen jegliches Tempo mit jeglichen Winkeln, Kehrtwendungen, Schritten nach links\/rechts\/vorn\/r\u00fcckw\u00e4rts, r\u00fcckw\u00e4rts mit Winkeln, Winkel und Kehrt auch auf der Stelle)<\/li>\n\n\n\n<li>Positionen aus der Bewegung (Steh, Sitz, Platz) \u2013 in Klasse 3 integriert in die Fu\u00dfarbeit<\/li>\n\n\n\n<li>Abrufen &#8211; in den h\u00f6heren Klassen mit Stoppen (Steh, Sitz, Platz)<\/li>\n\n\n\n<li>Apportieren &#8211; je nach Klasse z.B. auch \u00fcber H\u00fcrden; in den h\u00f6heren Klassen 2+3 gibt es den Richtungsapport<\/li>\n\n\n\n<li>Eine Kegelgruppe (bzw. Tonne) umrunden<\/li>\n\n\n\n<li>In Klasse 2+3 erfolgt eine gekoppelte \u00dcbung aus Kegelgruppe umrunden, Position nach dem Kegel einnehmen (Sitz\/Platz\/Steh), ggf. Apportieren mit Sprung \u00fcber eine H\u00fcrde mit Richtungsanweisung (linke\/rechte H\u00fcrde)<\/li>\n\n\n\n<li>Distanzkontrolle (Bewegungsabl\u00e4ufe aus Sitz\/Steh\/Platz auf 3 bis 15 Metern je nach Klasse, Vorderpfoten oder Hinterpfoten m\u00fcssen konstant fest bleiben)<\/li>\n\n\n\n<li>Geruchsidentifikation eines H\u00f6lzchens aus 6-8 St\u00fcck, von denen eines der Hundef\u00fchrer angefasst hat<\/li>\n\n\n\n<li>Vorausschicken in ein Quadrat (die \u201eBox\u201c) bzw. in der Klasse 3 Voraussenden in einen f\u00fcr den Hund nicht sichtbaren Kreis geradeaus mit Stoppen und dann Weiterschicken in eine Box nach links oder nach rechts<\/li>\n<\/ul>\n\n\n\n<p><strong>Welcher Hund eignet sich f\u00fcr Obedience?<\/strong><\/p>\n\n\n\n<p>Im Prinzip fast jeder. Es gibt keine Einschr\u00e4nkungen bez\u00fcglich Gr\u00f6\u00dfe oder Rasse. Beim Obedience werden die H\u00fcrden der Hundeh\u00f6he angepasst. Aufgrund der Vielzahl an \u00dcbungen und Details und den hohen Anforderungen im Obedience wird es jedoch etwas schwieriger f\u00fcr Hunde, die langsamer lernen und\/oder nicht von Natur aus hohe Arbeitsmotivation mitbringen. Deshalb sieht man im Obedience vor allem in der Klasse 3 viele Border Collies auf den gro\u00dfen Veranstaltungen laufen. Wer also einen \u201eWorkaholic\u201c hat, selbst viel Spa\u00df am Detailtraining mitbringt, Zeit investieren m\u00f6chte, vor allem mit viel Geduld und zudem sehr positiv mit seinem Hund arbeitet, ist im Obedience genau richtig.<\/p>\n\n\n\n<p><strong>Obedience-Klassen und Turniere<\/strong><\/p>\n\n\n\n<p>Im Obedience (in Deutschland) gibt es f\u00fcnf Klassen: Beginner-Klasse, Klasse 1, Klasse 2 und Klasse 3 sowie die Seniorenklasse. Es werden bis zu 10 \u00dcbungen gezeigt. Die Reihenfolge der \u00dcbungen und die Abl\u00e4ufe variieren von Turnier zu Turnier, au\u00dfer in der Beginner-Klasse. Die \u00dcbungen selbst sind jedoch einheitlich, bis auf variable \u00dcbungsteile, wie z.B. bestimmte Positionen oder Positionsabfolgen oder Richtungen, in die sich ein Hund bewegen soll. Die Fu\u00dfarbeit ist jedes Mal anders, enth\u00e4lt jedoch bestimmte Elemente, die immer vorgeschrieben sind pro Klasse.<\/p>\n\n\n\n<p>Eine Besonderheit im Obedience ist der Einsatz des \u201eRingstewards\u201c. Er leitet das Team durch die Pr\u00fcfung und sagt die Aufgaben an, w\u00e4hrend der Richter die Leistungen des Teams beurteilt.<\/p>\n\n\n\n<p>Wichtig im Vergleich zu z.B. THS-Unterordnungen ist, dass hier jede Aktion vom Ringsteward angesagt wird \u2013 arbeitet man also vor dem Kommando des Ringstewards (z.B. Hund sitzt vor und soll dann in die Fu\u00df-Position gerufen werden), werden deutlich Punkte gezogen. Teams, die aus dem THS kommen, m\u00fcssen sich ggf. erst umstellen, denn dort arbeitet man das Unterordnungsschema relativ selbstst\u00e4ndig ab.<\/p>\n\n\n\n<p>Mit 80% von der m\u00f6glichen Gesamtpunktzahl erh\u00e4lt man die Note \u201eVorz\u00fcglich\u201c, mit der man in die n\u00e4chsth\u00f6here Klasse aufsteigen kann. Maximal k\u00f6nnen 320 Punkte erreicht werden. Die Punkte errechnen sich aus der Wertnote 0 bis 10 und einem Koeffizienten pro \u00dcbung, so dass die \u00dcbungen unterschiedlich gewichtet werden. Pro \u00dcbung k\u00f6nnen so maximal 20, 30 oder 40 Punkte vergeben werden (je nach Koeffizient).<\/p>\n\n\n\n<p><\/p>\n\n\n\n<figure class=\"wp-block-image size-large\"><a href=\"https:\/\/www.ghv-walddoerfer.de\/wp-content\/uploads\/2024\/12\/image.png\" rel=\"lightbox[128]\"><img loading=\"lazy\" decoding=\"async\" width=\"704\" height=\"1024\" src=\"https:\/\/www.ghv-walddoerfer.de\/wp-content\/uploads\/2024\/12\/image-704x1024.png\" alt=\"\" class=\"wp-image-3082\" srcset=\"https:\/\/www.ghv-walddoerfer.de\/wp-content\/uploads\/2024\/12\/image-704x1024.png 704w, https:\/\/www.ghv-walddoerfer.de\/wp-content\/uploads\/2024\/12\/image-206x300.png 206w, https:\/\/www.ghv-walddoerfer.de\/wp-content\/uploads\/2024\/12\/image-768x1117.png 768w, https:\/\/www.ghv-walddoerfer.de\/wp-content\/uploads\/2024\/12\/image-750x1091.png 750w, https:\/\/www.ghv-walddoerfer.de\/wp-content\/uploads\/2024\/12\/image.png 923w\" sizes=\"auto, (max-width: 704px) 100vw, 704px\" \/><\/a><\/figure>\n","protected":false},"excerpt":{"rendered":"<p>Obedience Trainingszeit Im GHV Waldd\u00f6rfer trainiert die Obedience-Gruppe zurzeit einmal pro Woche:Samstags von 9 \u2013 12:30 Uhr Das Training ist vor allem gepr\u00e4gt durch Einzelcoachings (1:1-Trainingseinheiten von ca. 15-20 Minuten). Falls gew\u00fcnscht kann ein Teil der Zeit in selbstst\u00e4ndiger Einzelarbeit und gegenseitigem Helfen der Teams genutzt werden. Sprecht gern direkt Maren an, wenn ihr Interesse [&hellip;]<\/p>\n","protected":false},"author":5,"featured_media":0,"parent":78,"menu_order":2,"comment_status":"closed","ping_status":"closed","template":"","meta":{"footnotes":""},"class_list":["post-128","page","type-page","status-publish","hentry"],"_links":{"self":[{"href":"https:\/\/www.ghv-walddoerfer.de\/web\/wp-json\/wp\/v2\/pages\/128","targetHints":{"allow":["GET"]}}],"collection":[{"href":"https:\/\/www.ghv-walddoerfer.de\/web\/wp-json\/wp\/v2\/pages"}],"about":[{"href":"https:\/\/www.ghv-walddoerfer.de\/web\/wp-json\/wp\/v2\/types\/page"}],"author":[{"embeddable":true,"href":"https:\/\/www.ghv-walddoerfer.de\/web\/wp-json\/wp\/v2\/users\/5"}],"replies":[{"embeddable":true,"href":"https:\/\/www.ghv-walddoerfer.de\/web\/wp-json\/wp\/v2\/comments?post=128"}],"version-history":[{"count":27,"href":"https:\/\/www.ghv-walddoerfer.de\/web\/wp-json\/wp\/v2\/pages\/128\/revisions"}],"predecessor-version":[{"id":3146,"href":"https:\/\/www.ghv-walddoerfer.de\/web\/wp-json\/wp\/v2\/pages\/128\/revisions\/3146"}],"up":[{"embeddable":true,"href":"https:\/\/www.ghv-walddoerfer.de\/web\/wp-json\/wp\/v2\/pages\/78"}],"wp:attachment":[{"href":"https:\/\/www.ghv-walddoerfer.de\/web\/wp-json\/wp\/v2\/media?parent=128"}],"curies":[{"name":"wp","href":"https:\/\/api.w.org\/{rel}","templated":true}]}}