{"id":6,"date":"2015-09-25T12:32:27","date_gmt":"2015-09-25T10:32:27","guid":{"rendered":"http:\/\/www.ghv-walddoerfer.de\/web\/?page_id=6"},"modified":"2025-05-25T21:08:40","modified_gmt":"2025-05-25T19:08:40","slug":"6-2","status":"publish","type":"page","link":"https:\/\/www.ghv-walddoerfer.de\/web\/","title":{"rendered":"Unser Verein"},"content":{"rendered":"<h4><strong><span style=\"color: #000080;\">Herzlich willkommen auf der Homepage des Gebrauchshundverein Waldd\u00f6rfer e.V. in Hamburg!<\/span><\/strong><\/h4>\n<div class=\"responsive-slider flexslider\"><ul class=\"slides\"><li><div id=\"slide-427\" class=\"slide\"><img loading=\"lazy\" decoding=\"async\" width=\"960\" height=\"345\" src=\"https:\/\/www.ghv-walddoerfer.de\/wp-content\/uploads\/2017\/03\/Schauen-sie-doch-mal-rein-960-x-345-1-960x345.jpg\" class=\"slide-thumbnail wp-post-image\" alt=\"\" srcset=\"https:\/\/www.ghv-walddoerfer.de\/wp-content\/uploads\/2017\/03\/Schauen-sie-doch-mal-rein-960-x-345-1.jpg 960w, https:\/\/www.ghv-walddoerfer.de\/wp-content\/uploads\/2017\/03\/Schauen-sie-doch-mal-rein-960-x-345-1-300x108.jpg 300w, https:\/\/www.ghv-walddoerfer.de\/wp-content\/uploads\/2017\/03\/Schauen-sie-doch-mal-rein-960-x-345-1-768x277.jpg 768w\" sizes=\"auto, (max-width: 960px) 100vw, 960px\" \/><h2 class=\"slide-title\"><a href=\"\" title=\"Schau doch mal rein bei uns!\" >Schau doch mal rein bei uns!<\/a><\/h2><\/div><!-- #slide-x --><\/li><li><div id=\"slide-807\" class=\"slide\"><a href=\"http:\/\/www.ghv-walddoerfer.de\/web\/sportarten\/ths\/\" title=\"Turnierhundesport\" ><img loading=\"lazy\" decoding=\"async\" width=\"960\" height=\"345\" src=\"https:\/\/www.ghv-walddoerfer.de\/wp-content\/uploads\/2017\/06\/THS-Rudi-960-x-345.jpeg\" class=\"slide-thumbnail wp-post-image\" alt=\"\" srcset=\"https:\/\/www.ghv-walddoerfer.de\/wp-content\/uploads\/2017\/06\/THS-Rudi-960-x-345.jpeg 960w, https:\/\/www.ghv-walddoerfer.de\/wp-content\/uploads\/2017\/06\/THS-Rudi-960-x-345-300x108.jpeg 300w, https:\/\/www.ghv-walddoerfer.de\/wp-content\/uploads\/2017\/06\/THS-Rudi-960-x-345-768x276.jpeg 768w\" sizes=\"auto, (max-width: 960px) 100vw, 960px\" \/><\/a><h2 class=\"slide-title\"><a href=\"http:\/\/www.ghv-walddoerfer.de\/web\/sportarten\/ths\/\" title=\"Turnierhundesport\" >Turnierhundesport<\/a><\/h2><\/div><!-- #slide-x --><\/li><li><div id=\"slide-809\" class=\"slide\"><a href=\"http:\/\/www.ghv-walddoerfer.de\/web\/sportarten\/rally-obedience\/\" title=\"Rally Obedience\" ><img loading=\"lazy\" decoding=\"async\" width=\"959\" height=\"345\" src=\"https:\/\/www.ghv-walddoerfer.de\/wp-content\/uploads\/2017\/06\/RO-Schilder-960-x-345-959x345.jpg\" class=\"slide-thumbnail wp-post-image\" alt=\"\" srcset=\"https:\/\/www.ghv-walddoerfer.de\/wp-content\/uploads\/2017\/06\/RO-Schilder-960-x-345.jpg 959w, https:\/\/www.ghv-walddoerfer.de\/wp-content\/uploads\/2017\/06\/RO-Schilder-960-x-345-300x108.jpg 300w, https:\/\/www.ghv-walddoerfer.de\/wp-content\/uploads\/2017\/06\/RO-Schilder-960-x-345-768x276.jpg 768w\" sizes=\"auto, (max-width: 959px) 100vw, 959px\" \/><\/a><h2 class=\"slide-title\"><a href=\"http:\/\/www.ghv-walddoerfer.de\/web\/sportarten\/rally-obedience\/\" title=\"Rally Obedience\" >Rally Obedience<\/a><\/h2><\/div><!-- #slide-x --><\/li><li><div id=\"slide-1013\" class=\"slide\"><a href=\"http:\/\/www.ghv-walddoerfer.de\/web\/sportarten\/obedience\/\" title=\"Obedience\" ><img loading=\"lazy\" decoding=\"async\" width=\"960\" height=\"345\" src=\"https:\/\/www.ghv-walddoerfer.de\/wp-content\/uploads\/2017\/07\/OB-Hans-Slider-960x345.jpg\" class=\"slide-thumbnail wp-post-image\" alt=\"\" srcset=\"https:\/\/www.ghv-walddoerfer.de\/wp-content\/uploads\/2017\/07\/OB-Hans-Slider-960x345.jpg 960w, https:\/\/www.ghv-walddoerfer.de\/wp-content\/uploads\/2017\/07\/OB-Hans-Slider-960x345-300x108.jpg 300w, https:\/\/www.ghv-walddoerfer.de\/wp-content\/uploads\/2017\/07\/OB-Hans-Slider-960x345-768x276.jpg 768w\" sizes=\"auto, (max-width: 960px) 100vw, 960px\" \/><\/a><h2 class=\"slide-title\"><a href=\"http:\/\/www.ghv-walddoerfer.de\/web\/sportarten\/obedience\/\" title=\"Obedience\" >Obedience<\/a><\/h2><\/div><!-- #slide-x --><\/li><li><div id=\"slide-800\" class=\"slide\"><a href=\"http:\/\/www.ghv-walddoerfer.de\/web\/sportarten\/faehrten\/\" title=\"F\u00e4hrten\" ><img loading=\"lazy\" decoding=\"async\" width=\"960\" height=\"345\" src=\"https:\/\/www.ghv-walddoerfer.de\/wp-content\/uploads\/2017\/06\/F\u00e4hrten-Slider-960-x-345.jpg\" class=\"slide-thumbnail wp-post-image\" alt=\"\" srcset=\"https:\/\/www.ghv-walddoerfer.de\/wp-content\/uploads\/2017\/06\/F\u00e4hrten-Slider-960-x-345.jpg 960w, https:\/\/www.ghv-walddoerfer.de\/wp-content\/uploads\/2017\/06\/F\u00e4hrten-Slider-960-x-345-300x108.jpg 300w, https:\/\/www.ghv-walddoerfer.de\/wp-content\/uploads\/2017\/06\/F\u00e4hrten-Slider-960-x-345-768x276.jpg 768w\" sizes=\"auto, (max-width: 960px) 100vw, 960px\" \/><\/a><h2 class=\"slide-title\"><a href=\"http:\/\/www.ghv-walddoerfer.de\/web\/sportarten\/faehrten\/\" title=\"F\u00e4hrten\" >F\u00e4hrten<\/a><\/h2><\/div><!-- #slide-x --><\/li><li><div id=\"slide-1489\" class=\"slide\"><a href=\"http:\/\/www.ghv-walddoerfer.de\/web\/ausbildung\/ausbilder\/grundgehorsam\/\" title=\"IBGH\" ><img loading=\"lazy\" decoding=\"async\" width=\"960\" height=\"345\" src=\"https:\/\/www.ghv-walddoerfer.de\/wp-content\/uploads\/2018\/07\/Honey-BgH-960x345.jpg\" class=\"slide-thumbnail wp-post-image\" alt=\"\" \/><\/a><h2 class=\"slide-title\"><a href=\"http:\/\/www.ghv-walddoerfer.de\/web\/ausbildung\/ausbilder\/grundgehorsam\/\" title=\"IBGH\" >IBGH<\/a><\/h2><\/div><!-- #slide-x --><\/li><li><div id=\"slide-1364\" class=\"slide\"><a href=\"http:\/\/www.ghv-walddoerfer.de\/web\/jugend\/\" title=\"Jugend\" ><img loading=\"lazy\" decoding=\"async\" width=\"960\" height=\"345\" src=\"https:\/\/www.ghv-walddoerfer.de\/wp-content\/uploads\/2018\/07\/BH_GHV-Walddoerfer_2018-04-15-22_DxO-960x345.jpg\" class=\"slide-thumbnail wp-post-image\" alt=\"\" \/><\/a><h2 class=\"slide-title\"><a href=\"http:\/\/www.ghv-walddoerfer.de\/web\/jugend\/\" title=\"Jugend\" >Jugend<\/a><\/h2><\/div><!-- #slide-x --><\/li><li><div id=\"slide-1365\" class=\"slide\"><a href=\"http:\/\/www.ghv-walddoerfer.de\/web\/welpen\/\" title=\"Welpen\" ><img loading=\"lazy\" decoding=\"async\" width=\"960\" height=\"345\" src=\"https:\/\/www.ghv-walddoerfer.de\/wp-content\/uploads\/2018\/07\/20170826_130617-e1531727239763-960x345.jpg\" class=\"slide-thumbnail wp-post-image\" alt=\"\" \/><\/a><h2 class=\"slide-title\"><a href=\"http:\/\/www.ghv-walddoerfer.de\/web\/welpen\/\" title=\"Welpen\" >Welpen<\/a><\/h2><\/div><!-- #slide-x --><\/li><\/ul><\/div><!-- #featured-content -->\n<p style=\"text-align: justify;\"><span style=\"color: #000080;\">Der GHV Waldd\u00f6rfer wurde 1948 gegr\u00fcndet. Seit dieser Zeit hat sich unser Verein von einem typischen Polizeihundverein zu einem Breitensportverein entwickelt. Wir sind Mitglied beim Deutschen Verband f\u00fcr Gebrauchshundsportvereine (DVG) und als gemeinn\u00fctzig anerkannt.<\/span><\/p>\n<p style=\"text-align: justify;\"><span style=\"color: #000080;\">Du hast Interesse mit Deinem Hund Hundesport zu machen? Dann findest Du erste wichtige Informationen zu unserem Sportangebot oben im Menu. Unsere <strong>Haupt-Trainingstage sind Mittwoch und Sonnabend.<\/strong>\u00a0Wenn du ein Probetraining ausmachen m\u00f6chtest, sendest du uns am besten eine<\/span><span style=\"color: #000080;\">\u00a0<span style=\"text-decoration: underline;\"><strong><a style=\"color: #000080; text-decoration: underline;\" href=\"mailto:info@ghv-walddoerfer.de\">email<\/a><\/strong><\/span> . Wir sind jedoch KEINE Hundeschule!\u00a0<\/span><\/p>\n<p><span style=\"color: #000080;\">Unseren Verein gibt es nur, weil sich Mitglieder ehrenamtlich in der Vorstandst\u00e4tigkeit, als Ausbilder*innen, in der Gemeinschaftsarbeit oder als Helfer*innen bei Turnieren und Veranstaltungen engagieren. Ohne dieses Engagement k\u00f6nnte der Verein nicht bestehen! Wenn du die Absicht hast, Mitglied in unserem Verein zu werden, solltest du daf\u00fcr bereit sein! Weitere Informationen zur Mitgliedschaft, zu unserem Vorstand und unseren Ausbilder*innen findest du im Fu\u00dfteil. <\/span><\/p>\n<p><span style=\"color: #000080;\">Selbstverst\u00e4ndlich sind alle Hunde, ob gro\u00df, ob klein, ob mit oder ohne Stammbaum, herzlich willkommen! <\/span><\/p>\n<p><span style=\"color: #000080;\"><strong>Einen Eindruck unseres allt\u00e4glichen Trainings findest du im folgenden Video:<\/strong> <a href=\"https:\/\/youtu.be\/OG9z2unJPUQ\" target=\"_blank\" rel=\"noopener noreferrer\">https:\/\/youtu.be\/OG9z2unJPUQ <\/a><\/span><span style=\"color: #000080; font-size: inherit;\"><em>(copyright T. Borgmann 2019)<\/em>.<\/span><\/p>\n","protected":false},"excerpt":{"rendered":"<p>Herzlich willkommen auf der Homepage des Gebrauchshundverein Waldd\u00f6rfer e.V. in Hamburg! Der GHV Waldd\u00f6rfer wurde 1948 gegr\u00fcndet. Seit dieser Zeit hat sich unser Verein von einem typischen Polizeihundverein zu einem Breitensportverein entwickelt. Wir sind Mitglied beim Deutschen Verband f\u00fcr Gebrauchshundsportvereine (DVG) und als gemeinn\u00fctzig anerkannt. Du hast Interesse mit Deinem Hund Hundesport zu machen? Dann [&hellip;]<\/p>\n","protected":false},"author":5,"featured_media":0,"parent":0,"menu_order":0,"comment_status":"closed","ping_status":"closed","template":"","meta":{"footnotes":""},"class_list":["post-6","page","type-page","status-publish","hentry"],"_links":{"self":[{"href":"https:\/\/www.ghv-walddoerfer.de\/web\/wp-json\/wp\/v2\/pages\/6","targetHints":{"allow":["GET"]}}],"collection":[{"href":"https:\/\/www.ghv-walddoerfer.de\/web\/wp-json\/wp\/v2\/pages"}],"about":[{"href":"https:\/\/www.ghv-walddoerfer.de\/web\/wp-json\/wp\/v2\/types\/page"}],"author":[{"embeddable":true,"href":"https:\/\/www.ghv-walddoerfer.de\/web\/wp-json\/wp\/v2\/users\/5"}],"replies":[{"embeddable":true,"href":"https:\/\/www.ghv-walddoerfer.de\/web\/wp-json\/wp\/v2\/comments?post=6"}],"version-history":[{"count":55,"href":"https:\/\/www.ghv-walddoerfer.de\/web\/wp-json\/wp\/v2\/pages\/6\/revisions"}],"predecessor-version":[{"id":3134,"href":"https:\/\/www.ghv-walddoerfer.de\/web\/wp-json\/wp\/v2\/pages\/6\/revisions\/3134"}],"wp:attachment":[{"href":"https:\/\/www.ghv-walddoerfer.de\/web\/wp-json\/wp\/v2\/media?parent=6"}],"curies":[{"name":"wp","href":"https:\/\/api.w.org\/{rel}","templated":true}]}}