{"id":921,"date":"2017-06-29T11:41:25","date_gmt":"2017-06-29T09:41:25","guid":{"rendered":"http:\/\/www.ghv-walddoerfer.de\/web\/?page_id=921"},"modified":"2026-02-02T21:32:31","modified_gmt":"2026-02-02T20:32:31","slug":"welpen-2","status":"publish","type":"page","link":"https:\/\/www.ghv-walddoerfer.de\/web\/welpen-2\/","title":{"rendered":"Welpen"},"content":{"rendered":"\n<p><mark style=\"background-color:rgba(0, 0, 0, 0)\" class=\"has-inline-color has-black-color\"><strong>Die Teilnahme an der Welpengruppe ist auch ohne Mitgliedschaft m\u00f6glich. Bitte melde dich und deinen Welpen vorher an!<\/strong>  Sende uns daf\u00fcr eine email mit deinem Namen, Telefonnummer sowie dem Namen, Rasse und Alter deines Hundes an <strong><a rel=\"noreferrer noopener\" href=\"mailto:welpen@ghv-walddoerfer.de\" target=\"_blank\">welpen(at)ghv-walddoerfer.de<\/a><\/strong> <\/mark> &#8211; <mark style=\"background-color:rgba(0, 0, 0, 0)\" class=\"has-inline-color has-black-color\">Die Anmeldung muss jede Woche neu und jeweils bis Donnerstagabend erfolgen.<\/mark> <\/p>\n\n\n\n<p><strong>Wenn du das erste Mal zur Welpenstunde kommst, findest du <em><mark style=\"background-color:rgba(0, 0, 0, 0)\" class=\"has-inline-color has-black-color\"><a href=\"https:\/\/www.ghv-walddoerfer.de\/wp-content\/uploads\/2026\/02\/Anmeldeformular-Welpengruppe-2023.pdf\" target=\"_blank\" rel=\"noreferrer noopener\">hier<\/a><\/mark>\u00a0<\/em>das Anmeldeformular.<\/strong><\/p>\n\n\n\n<p class=\"has-text-align-left\">Weitere wichtige Informationen findest du im folgenden Text. Und, um die Wartezeit bis zur n\u00e4chsten Welpenstunde zu \u00fcberbr\u00fccken, haben wir noch ein paar Tipps zusammengestellt:<\/p>\n\n\n\n<p class=\"has-text-align-center\">      <strong><em><a rel=\"noreferrer noopener\" aria-label=\"Welpen Auslastung 1 (\u00f6ffnet in neuem Tab)\" href=\"https:\/\/www.ghv-walddoerfer.de\/wp-content\/uploads\/2020\/03\/Welpen-Corona_1.jpg\" target=\"_blank\">Welpen Auslastung 1<\/a><\/em><\/strong>     und    <a rel=\"noreferrer noopener\" aria-label=\"Welpen Auslastung 2 (\u00f6ffnet in neuem Tab)\" href=\"https:\/\/www.ghv-walddoerfer.de\/wp-content\/uploads\/2020\/03\/Welpen-Corona_2.jpg\" target=\"_blank\"><strong><em>Welpen Auslastung 2<\/em><\/strong><\/a><\/p>\n\n\n\n<p class=\"has-text-align-left\">Wir hoffen, das bringt euch und euren Hunden Spa\u00df und wir k\u00f6nnen euch schon bald wieder in unserer Welpengruppe begr\u00fc\u00dfen!<\/p>\n\n\n\n<p><\/p>\n\n\n<div class=\"wp-block-image\">\n<figure class=\"alignleft\"><a href=\"https:\/\/www.ghv-walddoerfer.de\/wp-content\/uploads\/2015\/09\/Welpen-e1540370065546.jpg\" rel=\"lightbox[921]\"><img loading=\"lazy\" decoding=\"async\" width=\"271\" height=\"300\" src=\"https:\/\/www.ghv-walddoerfer.de\/wp-content\/uploads\/2015\/09\/Welpen-e1540370065546-271x300.jpg\" alt=\"\" class=\"wp-image-556\" srcset=\"https:\/\/www.ghv-walddoerfer.de\/wp-content\/uploads\/2015\/09\/Welpen-e1540370065546-271x300.jpg 271w, https:\/\/www.ghv-walddoerfer.de\/wp-content\/uploads\/2015\/09\/Welpen-e1540370065546-768x849.jpg 768w, https:\/\/www.ghv-walddoerfer.de\/wp-content\/uploads\/2015\/09\/Welpen-e1540370065546-750x829.jpg 750w, https:\/\/www.ghv-walddoerfer.de\/wp-content\/uploads\/2015\/09\/Welpen-e1540370065546.jpg 793w\" sizes=\"auto, (max-width: 271px) 100vw, 271px\" \/><\/a><\/figure>\n<\/div>\n\n\n<p><span style=\"color: #000080;\"><span style=\"font-size: inherit;\">Herzlich willkommen zu unserem Welpen-Treff!<\/span><\/span><\/p>\n\n\n\n<p><span style=\"color: #000080;\">Wir freuen uns, dass Du Dich entschlossen hast, mit Deinem neuen Familienmitglied zu uns zu kommen. Du gibst ihm damit die Gelegenheit, mit anderen Welpen zu spielen, Erfahrungen mit anderen Hunden und auch Menschen zu sammeln und Sicherheit im Umgang mit verschiedenen Umweltreizen zu bekommen.<\/span><\/p>\n\n\n\n<p><span style=\"color: #000080;\">Jeder Hundehalter w\u00fcnscht sich einen sozial vertr\u00e4glichen Hund, den man bedenkenlos \u00fcberall mit hinnehmen kann und der auch die Grundbegriffe des Gehorsams kennt. Wir, der Gebrauchshundverein Waldd\u00f6rfer e.V., m\u00f6chten Dich dabei unterst\u00fctzen. Denn es geh\u00f6rt schon ein wenig Geduld, Zeit und auch Arbeit dazu, bis es soweit ist und Ihr zu einem Team zusammengewachsen seid. Gerade, wenn es Dein erster Hund ist, wirst Du viele Fragen haben. Scheu Dich nicht, sie zu stellen. Wir wollen versuchen, Dir bei der Beantwortung der Fragen behilflich zu sein. Unsere ehrenamtlichen Ausbilder stehen Dir mit Rat und Tat beiseite. <\/span><\/p>\n\n\n\n<p><span style=\"color: #000080;\">Die ersten Monate sind die wichtigsten im Leben unseres Hundes. In dieser Zeit ist der Hund am aufnahmef\u00e4higsten f\u00fcr alle Umwelteinfl\u00fcsse, und es findet die sogenannte Pr\u00e4gung und Sozialisierung statt. F\u00fcr uns selbstverst\u00e4ndliche Dinge wie z.B. hupende Autos, in die H\u00e4nde klatschende Menschen oder vorbeiflitzende Radfahrer sind f\u00fcr den Hund zun\u00e4chst unbekannt, und er muss lernen, dass er davor keine Angst zu haben braucht. Leider neigen wir Hundef\u00fchrer oft dazu, unsere Hunde zu vermenschlichen und geben ihnen nicht die M\u00f6glichkeit, eigene Erfahrungen zu sammeln. Kleine \u00dcbungen stellen f\u00fcr Deinen Welpen eine Herausforderung dar, und wenn er sie gemeistert hat, wird er \u00fcber genug Selbstvertrauen und Vertrauen in Dich verf\u00fcgen, um sich dann selbst\u00e4ndig und mit Dir an \u201egr\u00f6\u00dfere\u201c Aufgaben heranzutasten.<\/span><\/p>\n\n\n\n<p><span style=\"color: #000080;\">Weiterhin wollen wir Dir auch Tipps f\u00fcr die Erziehung des Hundes geben und w\u00fcrden uns freuen, wenn Dir die \u201eArbeit\u201c mit Deinem Hund so viel Spa\u00df bringt, dass Du \u2013 auch wenn Dein Hund \u00e4lter als sechs Monate ist \u2013 weiter bei uns im Verein mitmachst.<\/span><\/p>\n\n\n\n<p><span style=\"color: #000080;\">\u2022 Wichtig ist, dass der Hund ca. 2 Stunden vor dem Welpen-Treff nicht gef\u00fcttert wird.&nbsp;<\/span><\/p>\n\n\n\n<p><span style=\"color: #000080;\">\u2022 Mitzubringen sind: ausreichend viel tolle Leckerlies wie z.B. K\u00e4sew\u00fcrfel oder W\u00fcrstchen (bitte gro\u00df genug schneiden). Wenn m\u00f6glich auch ein Lieblingsspielzeug zum Zergeln (ein Ball ist eher ungeeignet). Bitte keine Flexi- oder Schleppleinen. M\u00f6glichst eine 1m bis 1,20m lange &#8222;Einbandleine&#8220; benutzen.<\/span><\/p>\n\n\n\n<p><span style=\"color: #000080;\">\u2022 Bitte achte darauf, dass sich Dein Hund vor dem Betreten des Platzes gel\u00f6st hat. Der Welpe soll seine Gesch\u00e4fte nicht auf dem Hundeplatz erledigen. Komm also so rechtzeitig, dass der Welpe dies vorher au\u00dferhalb des Platzes im Gr\u00fcnstreifen getan hat. Sollte sich Dein Welpe doch einmal auf dem Platz \u201everewigen\u201c, so entferne bitte den Haufen. Die Stellen auf dem Platz, an dem sich Dein Welpe gel\u00f6st hat, sind f\u00fcr unsere \u00e4lteren Hunde in der Ausbildung eine sehr gro\u00dfe Ablenkung, und sie m\u00f6gen sich dort nicht mehr hinsetzen oder hinlegen.<\/span><\/p>\n\n\n\n<p><span style=\"color: #000080;\">\u2022 Selbstverst\u00e4ndlich sollte es sein, nur mit einem gesunden Welpen zur Spielgruppe zu kommen. Die Grundimmunisierung des Welpen (Schutzimpfung gegen die wichtigsten Hundekrankheiten) sollte bereits erfolgt sein. Bitte Impfpass mitbringen, sobald die Tollwutimpfung erfolgt ist.<\/span><\/p>\n\n\n\n<p><span style=\"color: #000080;\">\u2022 Lasst die Hunde bitte nicht an der Leine spielen.<\/span><\/p>\n\n\n\n<p><span style=\"color: #000080;\">\u2022 Plane Deinen Samstag als Hundetag ein. Nur das regelm\u00e4\u00dfige Zusammentreffen ist sinnvoll.<\/span><\/p>\n\n\n\n<p><span style=\"color: #000080;\">\u2022 Versuche bitte, p\u00fcnktlich zur Welpengruppe zu kommen, s. unten. Jeder Sp\u00e4tank\u00f6mmling verursacht Unruhe, im \u201eUmwelttraining\u201c ebenso wie bei den bereits spielenden Welpen.<\/span><\/p>\n\n\n\n<p><span style=\"color: #000080;\">\u2022 Auch wir als Verein m\u00fcssen uns absichern. Deshalb unterschreibe uns bitte die beigef\u00fcgte Erkl\u00e4rung, mit der Du uns von jeglicher Haftung freisprichst und bringe sie zum ersten Welpentreffen mit.<\/span><\/p>\n\n\n\n<p><span style=\"color: #000080;\">\u2022 Und zu guter Letzt: Zu Beginn jeder Spielstunde bitten wir Dich, eine Spende von 5\u20ac f\u00fcr unseren Verein zu geben. Denn wie gesagt: in unserem Verein wird alles ehrenamtlich geleistet. Vielen Dank!<\/span><\/p>\n\n\n\n<p><span style=\"color: #000080;\">Wir w\u00fcrden uns freuen, wenn Du auch nach der Spielstunde nicht gleich nach Hause f\u00e4hrst, sondern vielleicht noch zu Kaffee und Kuchen mit ins Vereinshaus kommst. Du wirst erstaunt sein, wieviel Spa\u00df es macht, mit Gleichgesinnten zu sprechen.<\/span><\/p>\n\n\n\n<p><span style=\"color: #000080;\">Viel Spa\u00df w\u00fcnschen Dir und Deinem Hund die Mitglieder des GHV Waldd\u00f6rfer!<\/span><\/p>\n\n\n\n<p><span style=\"color: #000080;\">P.S.: Die Welpen (bis zu einem Alter von 6 Monaten) d\u00fcrfen an der Leine auch mit ins Vereinshaus, allerdings nicht mehr zum Spielen und Toben. Wahrscheinlich sind sie aber ohnehin so m\u00fcde, dass sie gleich einschlummern\u2026<\/span><\/p>\n\n\n\n<p><span style=\"color: #000080;\">Betreut wird die Welpengruppe von Claudia, Ulrike, Yanine und Reinhard. Sie findet jeden Samstag statt.<\/span><\/p>\n\n\n\n<p><span style=\"text-decoration: underline;\"><strong><span style=\"color: #000080; text-decoration: underline;\">Trainingszeiten<\/span><span style=\"color: #000080; text-decoration: underline;\">:<\/span><\/strong><\/span><\/p>\n\n\n\n<p><strong><span style=\"color: #000080;\">Welpengruppe I (Alter&nbsp;8. bis 16. Woche): 12:<\/span><span style=\"color:#0e0547\" class=\"has-inline-color\">15<\/span><span style=\"color: #000080;\"> bis 13 Uhr<\/span><\/strong><\/p>\n\n\n\n<p><span style=\"color: #000080;\"><strong>Welpengruppe II (Alter&nbsp;17. bis 24. Woche): 13:15 bis 14 Uhr<\/strong><\/span><\/p>\n\n\n\n<figure class=\"wp-block-image size-large is-resized\"><a href=\"https:\/\/www.ghv-walddoerfer.de\/wp-content\/uploads\/2024\/09\/Welpen-Ausbilder-Team.jpg\" rel=\"lightbox[921]\"><img loading=\"lazy\" decoding=\"async\" width=\"896\" height=\"1024\" src=\"https:\/\/www.ghv-walddoerfer.de\/wp-content\/uploads\/2024\/09\/Welpen-Ausbilder-Team-896x1024.jpg\" alt=\"\" class=\"wp-image-3067\" style=\"width:533px;height:auto\" srcset=\"https:\/\/www.ghv-walddoerfer.de\/wp-content\/uploads\/2024\/09\/Welpen-Ausbilder-Team-896x1024.jpg 896w, https:\/\/www.ghv-walddoerfer.de\/wp-content\/uploads\/2024\/09\/Welpen-Ausbilder-Team-263x300.jpg 263w, https:\/\/www.ghv-walddoerfer.de\/wp-content\/uploads\/2024\/09\/Welpen-Ausbilder-Team-768x877.jpg 768w, https:\/\/www.ghv-walddoerfer.de\/wp-content\/uploads\/2024\/09\/Welpen-Ausbilder-Team-750x857.jpg 750w, https:\/\/www.ghv-walddoerfer.de\/wp-content\/uploads\/2024\/09\/Welpen-Ausbilder-Team.jpg 961w\" sizes=\"auto, (max-width: 896px) 100vw, 896px\" \/><\/a><figcaption class=\"wp-element-caption\">Das Welpen Ausbilder-Team, o.v.l.: Claudia Linde, Reinhard Bodenburg, Ulrike Rode; u.: Yanine Clauss.<\/figcaption><\/figure>\n","protected":false},"excerpt":{"rendered":"<p>Die Teilnahme an der Welpengruppe ist auch ohne Mitgliedschaft m\u00f6glich. Bitte melde dich und deinen Welpen vorher an! Sende uns daf\u00fcr eine email mit deinem Namen, Telefonnummer sowie dem Namen, Rasse und Alter deines Hundes an welpen(at)ghv-walddoerfer.de &#8211; Die Anmeldung muss jede Woche neu und jeweils bis Donnerstagabend erfolgen. Wenn du das erste Mal zur [&hellip;]<\/p>\n","protected":false},"author":5,"featured_media":0,"parent":0,"menu_order":0,"comment_status":"closed","ping_status":"closed","template":"","meta":{"footnotes":""},"class_list":["post-921","page","type-page","status-publish","hentry"],"_links":{"self":[{"href":"https:\/\/www.ghv-walddoerfer.de\/web\/wp-json\/wp\/v2\/pages\/921","targetHints":{"allow":["GET"]}}],"collection":[{"href":"https:\/\/www.ghv-walddoerfer.de\/web\/wp-json\/wp\/v2\/pages"}],"about":[{"href":"https:\/\/www.ghv-walddoerfer.de\/web\/wp-json\/wp\/v2\/types\/page"}],"author":[{"embeddable":true,"href":"https:\/\/www.ghv-walddoerfer.de\/web\/wp-json\/wp\/v2\/users\/5"}],"replies":[{"embeddable":true,"href":"https:\/\/www.ghv-walddoerfer.de\/web\/wp-json\/wp\/v2\/comments?post=921"}],"version-history":[{"count":97,"href":"https:\/\/www.ghv-walddoerfer.de\/web\/wp-json\/wp\/v2\/pages\/921\/revisions"}],"predecessor-version":[{"id":3186,"href":"https:\/\/www.ghv-walddoerfer.de\/web\/wp-json\/wp\/v2\/pages\/921\/revisions\/3186"}],"wp:attachment":[{"href":"https:\/\/www.ghv-walddoerfer.de\/web\/wp-json\/wp\/v2\/media?parent=921"}],"curies":[{"name":"wp","href":"https:\/\/api.w.org\/{rel}","templated":true}]}}